{"id":667,"date":"2024-06-18T12:34:42","date_gmt":"2024-06-18T10:34:42","guid":{"rendered":"https:\/\/www.promopa.it\/eco\/cam-copy\/"},"modified":"2024-06-18T15:49:43","modified_gmt":"2024-06-18T13:49:43","slug":"cultura-sviluppo-sostenibile","status":"publish","type":"page","link":"https:\/\/www.promopa.it\/eco\/cultura-sviluppo-sostenibile\/","title":{"rendered":"Cultura e sviluppo sostenibile. Un percorso che viene da lontano"},"content":{"rendered":"<div class=\"gb-container gb-container-8b3a199f\">\n\n<h3 class=\"gb-headline gb-headline-8086010f gb-headline-text\">Cultura e sviluppo sostenibile. Un percorso che viene da lontano<\/h3>\n\n<\/div>\n\n\n<p><em>A cura di Francesca Velani, Vicepresidente e Direttrice Area Cultura e Sostenibilit\u00e0 di <a href=\"http:\/\/www.promopa.it\">Promo PA Fondazione<\/a><\/em><\/p>\n\n\n\n<p><em>L&#8217;Agenda 2030 consiste in un piano d&#8217;azione adottato a settembre 2015 dalla comunit\u00e0 internazionale che invita tutti i paesi a mobilitarsi per porre fine a tutte le forme di povert\u00e0, combattere le disuguaglianze e affrontare il cambiamento climatico, garantendo al tempo stesso che nessuno sia lasciato indietro.<\/em><\/p>\n\n\n\n<p><strong>17 OBIETTIVI \/ 5 P<\/strong><\/p>\n\n\n\n<p>I suoi <strong>17 Obiettivi <\/strong>sono raggruppati in <strong>cinque \u201cP\u201d<\/strong> &#8211; <strong>Persone, Pianeta, Prosperit\u00e0, Pace e Partenariati <\/strong>\u2013 e riflettono la dimensione economica, sociale e ambientale della sostenibilit\u00e0 (persone, pianeta e prosperit\u00e0), cos\u00ec come le condizioni critiche (pace e collaborazione). Raggiungerli richiede una visione coraggiosa, approcci creativi oltre a quelli tipici lineari e settoriali e propone collegamenti e sinergie tra le diverse aree politiche.<\/p>\n\n\n\n<p>Rispetto a questo approccio la cultura rappresenta un agente attivatore, oggi riconosciuta come tale. Ma tale riconoscimento fa parte di un percorso che viene da lontano. \u00a0<\/p>\n\n\n\n<p><strong>Ripercorriamo i passi principali.<\/strong><\/p>\n\n\n\n<p><strong>2005 | Convenzione di Faro<\/strong><\/p>\n\n\n\n<p>Nel 2005 gli Stati membri hanno sottoscritto l<strong>a Convenzione di Faro, <\/strong>ponendo al centro l\u2019importanza dell\u2019eredit\u00e0 culturale in relazione ai diritti umani e alla democrazia, promuovendo una comprensione ampia del patrimonio e delle sue relazioni con le comunit\u00e0 e la societ\u00e0. La convenzione rimarca il \u201cvalore e il potenziale di un\u2019eredit\u00e0 culturale usata saggiamente come risorsa per lo sviluppo sostenibile e per la qualit\u00e0 della vita, in una societ\u00e0 in costante evoluzione\u201d.<\/p>\n\n\n\n<p><strong>2016 | Indicator Framework on Culture and Democracy (IFCD)<\/strong><\/p>\n\n\n\n<p>Nel 2016 \u00e8 stato emanato uno strumento per aiutare i governi a rafforzare la democrazia attraverso la cultura: <strong><em>Indicator Framework on Culture and Democracy <\/em><\/strong><strong>(IFCD)<\/strong> del Consiglio d\u2019Europa. L\u2019IFCD definisce la cultura come processo di produzione culturale e si sostanzia in un sistema di misurazione che permette di dare risposte a domande come <em>La partecipazione alle attivit\u00e0 culturali influenza quella alle attivit\u00e0 democratiche? <\/em>Oppure:<em> un alto livello di digitalizzazione incoraggia la partecipazione culturale? <\/em>E ancora:<em> esiste una relazione tra il benessere, la partecipazione culturale e quella democratica? La partecipazione culturale c\u2019entra con la fiducia interpersonale? Finanziare pubblicamente la cultura porta a un incremento della produzione dell\u2019industria creativa? <\/em><em><\/em><\/p>\n\n\n\n<p>Tali quesiti fanno parte della quotidianit\u00e0 delle Amministrazioni Pubbliche e della societ\u00e0 civile, ancor pi\u00f9 oggi, a valle del periodo pandemico che ha fatto sentire i suoi impatti a tutti i livelli e ci impone di trovare soluzioni per realizzare modelli di sviluppo sostenibile nel quadro degli obiettivi dell\u2019Agenda 2030.<\/p>\n\n\n\n<p><strong>2017 | Nuova Agenda Europea della Cultura<\/strong><\/p>\n\n\n\n<p>Nel 2017 l\u2019UE emana<strong> La Nuova Agenda Europea della Cultura<\/strong> creando uno strumento finanziario \u201cper costruire societ\u00e0 coese e offrire una\u00a0visione di Unione Europea attraente\u201d attraverso cultura e istruzione. La Nuova Agenda invita e supporta i Paesi membri per \u201cinvestire nel capitale culturale e nel capitale umano per creare una diffusa sostenibilit\u00e0 sociale, per rafforzare l\u2019identit\u00e0 e il senso di appartenenza e individua nella cultura la leva principale per la promozione della cittadinanza attiva e di valori comuni, dell\u2019inclusione e del dialogo interculturale\u201d.<\/p>\n\n\n\n<p><strong>2019 | Il Report dell&#8217;OMS e i Culture Indicators\/2030<\/strong><\/p>\n\n\n\n<p>Nel 2019 l\u2019Organizzazione Mondiale della Sanit\u00e0 pubblica il report <strong>\u201cWhat is the evidence of the role of the arts in improving health and well-being?\u201d<\/strong> in cui si conferma il ruolo primario delle arti e della cultura nella prevenzione, nel trattamento e nella gestione di patologie e nella promozione della salute. Il report ha l\u2019obiettivo di indirizzare l\u2019intervento dei policy makers sui territori verso la promozione di una maggior consapevolezza degli impatti dell\u2019arte e della cultura in tutti gli stadi dell\u2019esistenza, chiedendo quindi un impegno concreto per incrementare la partecipazione culturale ed azioni mirate a favorire la sistematizzazione di collaborazioni tra i sistemi socio-sanitari e quelli educativi.<\/p>\n\n\n\n<p>Nel 2019 l\u2019UNESCO pubblica i <strong>Culture Indicators|2030<\/strong>. Si tratta di una serie di indicatori tematici per misurare e monitorare il progressivo contributo della cultura all&#8217;attuazione delle politiche nazionali e locali per il raggiungimento degli Obiettivi di Sviluppo Sostenibile, intendono inoltre fornire un quadro concettuale e strumenti metodologici per analizzare dati, restituendo uno scenario che evidenzi collegamenti tra temi, indicatori e azioni utilizzabili per orientare le politiche, cos\u00ec come le decisioni operative.<\/p>\n\n\n\n<p><em>Nel 2020 il COVID-19 ha avuto effetti devastanti e duraturi sulle persone, sulla prosperit\u00e0 e sul pianeta. Cos\u00ec come l\u2019odierna minaccia alla pace internazionale. \u00c8 quindi ancora pi\u00f9 tangibile l\u2019urgenza di promuovere la sinergia tra cultura e sviluppo sostenibile nel quadro sopra definito.<\/em><\/p>\n\n\n\n<p><strong>2021 | Next Generation EU<\/strong><\/p>\n\n\n\n<p><strong>Nel 2021, in occasione del G20 a Roma, i Ministri della Cultura hanno richiesto <\/strong>\u201cil pieno riconoscimento e l\u2019integrazione della cultura e dell\u2019economia creativa nei processi e nelle politiche di sviluppo, permeando tutti i livelli della societ\u00e0, comprese le comunit\u00e0 locali, come un motore e un facilitatore per il raggiungimento degli Obiettivi stabiliti nell\u2019Agenda 2030 delle Nazioni Unite per lo Sviluppo Sostenibile.<\/p>\n\n\n\n<p>Si dimostra quindi di fondamentale importanza operare perch\u00e9 i territori riconoscano <strong>cultura e creativit\u00e0 come parte integrante di agende politiche ampie<\/strong>, per stimolare buone pratiche ed azioni d\u2019implementazione e rafforzamento della <strong>coesione sociale, occupazione, innovazione, salute e benessere, ambiente, sviluppo locale sostenibile e diritti umani.<\/strong><\/p>\n\n\n\n<p>Nel 2021 \u00e8 stato definito anche il piano <strong>NextGenerationEU<\/strong>. Si tratta del grande programma europeo post-pandemia pensato per stimolare una \u201cripresa sostenibile, uniforme, inclusiva ed equa\u201d. Il programma si pone quattro ambiti d\u2019azione: proteggere i cittadini e le libert\u00e0; sviluppare una base economica forte e vivace; costruire un&#8217;Europa verde, equa, sociale e a impatto climatico zero; e promuovere gli interessi e i valori europei sulla scena mondiale. Nel programma la cultura \u00e8 agente di rafforzamento del capitale sociale europeo, infatti una misura specifica \u00e8 destinata a \u201cmisurare l&#8217;impatto positivo della cultura\u201d dimostrando l\u2019importanza in Europa di disporre di dati precisi sul contributo socio-economico della cultura.<strong><\/strong><\/p>\n\n\n\n<p>Tutto quanto sopra ci conferma che il sistema culturale oggi ha gli strumenti per riorientare i processi alla base della propria attivit\u00e0, per rimanere <strong>competitivo <\/strong>e per continuare ad essere <strong>rappresentativo dei valori <\/strong>che da sempre gli sono riconosciuti e che oggi non possono prescindere dall\u2019essere saldamente integrati con quelli della <strong>sostenibilit\u00e0.<\/strong><\/p>\n\n\n\n<p>Il <strong>rapporto tra cultura e sostenibilit\u00e0 <\/strong>si \u00e8 infatti consolidato nel sentire collettivo grazie a quel processo evolutivo di visione \u2013 conoscenza \u2013 azioni, che abbiamo brevemente sopra tratteggiato, diventando sempre pi\u00f9 centrale nella programmazione nazionale ed internazionale. Un rapporto che tiene insieme le tre <strong>dimensioni <\/strong>della sostenibilit\u00e0: <strong>sociale, economica e ambientale. <\/strong>Pur non potendo prescindere dall\u2019essere trattate in maniera integrata, ognuna delle tre necessita di una lettura e di azioni verticalizzate, per creare competenze e nuova produzione, comprendere le dinamiche dei nuovi mercati e dei possibili comparti con cui interagire.<\/p>\n\n\n\n<p><\/p>\n\n\n\n<p><br><\/p>\n\n\n\n<p><br><\/p>\n\n\n\n<p><\/p>\n\n\n\n<p><br><\/p>\n\n\n\n<p><\/p>\n","protected":false},"excerpt":{"rendered":"<p>Cultura e sviluppo sostenibile. Un percorso che viene da lontano A cura di Francesca Velani, Vicepresidente e Direttrice Area Cultura e Sostenibilit\u00e0 di Promo PA Fondazione L&#8217;Agenda 2030 consiste in un piano d&#8217;azione adottato a settembre 2015 dalla comunit\u00e0 internazionale che invita tutti i paesi a mobilitarsi per porre fine a tutte le forme di &#8230; <a title=\"Cultura e sviluppo sostenibile. Un percorso che viene da lontano\" class=\"read-more\" href=\"https:\/\/www.promopa.it\/eco\/cultura-sviluppo-sostenibile\/\" aria-label=\"Per saperne di pi\u00f9 su Cultura e sviluppo sostenibile. Un percorso che viene da lontano\">Leggi tutto<\/a><\/p>\n","protected":false},"author":2,"featured_media":0,"parent":0,"menu_order":0,"comment_status":"closed","ping_status":"closed","template":"","meta":{"slim_seo":[],"footnotes":""},"class_list":["post-667","page","type-page","status-publish"],"_links":{"self":[{"href":"https:\/\/www.promopa.it\/eco\/wp-json\/wp\/v2\/pages\/667","targetHints":{"allow":["GET"]}}],"collection":[{"href":"https:\/\/www.promopa.it\/eco\/wp-json\/wp\/v2\/pages"}],"about":[{"href":"https:\/\/www.promopa.it\/eco\/wp-json\/wp\/v2\/types\/page"}],"author":[{"embeddable":true,"href":"https:\/\/www.promopa.it\/eco\/wp-json\/wp\/v2\/users\/2"}],"replies":[{"embeddable":true,"href":"https:\/\/www.promopa.it\/eco\/wp-json\/wp\/v2\/comments?post=667"}],"version-history":[{"count":2,"href":"https:\/\/www.promopa.it\/eco\/wp-json\/wp\/v2\/pages\/667\/revisions"}],"predecessor-version":[{"id":671,"href":"https:\/\/www.promopa.it\/eco\/wp-json\/wp\/v2\/pages\/667\/revisions\/671"}],"wp:attachment":[{"href":"https:\/\/www.promopa.it\/eco\/wp-json\/wp\/v2\/media?parent=667"}],"curies":[{"name":"wp","href":"https:\/\/api.w.org\/{rel}","templated":true}]}}