{"id":250,"date":"2024-04-12T15:05:14","date_gmt":"2024-04-12T13:05:14","guid":{"rendered":"https:\/\/www.promopa.it\/eco\/programma-plus-copy\/"},"modified":"2025-04-14T18:20:57","modified_gmt":"2025-04-14T16:20:57","slug":"programma-plus","status":"publish","type":"page","link":"https:\/\/www.promopa.it\/eco\/programma-plus\/","title":{"rendered":"Programma Plus"},"content":{"rendered":"<div class=\"gb-container gb-container-1338664f\">\n<div class=\"gb-container gb-container-f357c971 alignwide\">\n<div class=\"gb-container gb-container-fae17df0\">\n\n<h2 class=\"gb-headline gb-headline-6ebafd73 gb-headline-text\">Programma PLUS<\/h2>\n\n<\/div>\n\n\n<h2 class=\"gb-headline gb-headline-2547f1cc gb-headline-text\">Le edizioni<\/h2>\n\n\n\n<p><\/p>\n\n\n\n<p class=\"has-contrast-color has-text-color has-link-color has-medium-font-size wp-elements-99a15ef758bc211c0741d42b732d4f5a\">Il corso si ripete in 4 edizioni. <br>Ogni edizione \u00e8 formata da gruppi di 25 persone.<\/p>\n\n\n\n<p class=\"has-contrast-color has-text-color has-link-color has-medium-font-size wp-elements-c93cbfdd1a403c8c9b080bf41db45ce6\">La attivit\u00e0 si articolano in sincrone e asincrone. <br>La frequenza ai corsi \u00e8 obbligatoria per almeno il 75% delle ore del corso. <br>Le reti e i sistemi complessi possono concordare con ECO l\u2019organizzazione di un corso dedicato a copertura del gruppo classe di 25 persone.<\/p>\n\n\n\n<a class=\"gb-button gb-button-e827e606 gb-button-text\" href=\"https:\/\/www.promopa.it\/eco\/corso-eco-plus-i-edizione\/\" target=\"_blank\" rel=\"noopener noreferrer\"><strong>I ED. | 15 Maggio &#8211; 4 Novembre 2024<\/strong><\/a>\n\n\n\n<p><a href=\"https:\/\/www.promopa.it\/manifestazione-di-interesse-progetto-eco\/\"><\/a><\/p>\n\n\n\n<a class=\"gb-button gb-button-75bd3a21 gb-button-text\" href=\"https:\/\/www.promopa.it\/eco\/programma-plus\/corso-eco-plus-ii-edizione\/\"><strong>II ED. | 22 maggio &#8211; 11 novembre 2024<\/strong><\/a>\n\n\n\n<p><\/p>\n\n\n\n<a class=\"gb-button gb-button-f21b6dd0 gb-button-text\" href=\"https:\/\/www.promopa.it\/eco\/programma-plus\/corso-eco-plus-iii-edizione\/\"><strong>III ED. | 5 giugno &#8211; 10 dicembre 2024<\/strong><\/a>\n\n\n\n<p><\/p>\n\n\n\n<a class=\"gb-button gb-button-51936151 gb-button-text\" href=\"https:\/\/www.promopa.it\/eco\/programma-plus\/corso-eco-plus-iv-edizione\/\"><strong>IV ED. | <strong>16 settembre &#8211; 10 dicembre 2024<\/strong><\/strong><\/a>\n\n\n\n<p><\/p>\n\n\n\n<p class=\"has-contrast-color has-text-color has-link-color has-medium-font-size wp-elements-19e35b5ccfed21de5c2bad2dbbb1a8e8\"><\/p>\n\n<\/div>\n\n<div class=\"gb-container gb-container-0b59a539\">\n\n<h2 class=\"gb-headline gb-headline-eca3d4b7 gb-headline-text\">Il programma del corso<\/h2>\n\n<div class=\"gb-shapes\"><div class=\"gb-shape gb-shape-1\"><svg xmlns=\"http:\/\/www.w3.org\/2000\/svg\" viewBox=\"0 0 1200 211.2\" preserveAspectRatio=\"none\"><path d=\"M600 188.4C321.1 188.4 84.3 109.5 0 0v211.2h1200V0c-84.3 109.5-321.1 188.4-600 188.4z\"\/><\/svg><\/div><div class=\"gb-shape gb-shape-2\"><svg xmlns=\"http:\/\/www.w3.org\/2000\/svg\" viewBox=\"0 0 1200 211.2\" preserveAspectRatio=\"none\"><path d=\"M600 188.4C321.1 188.4 84.3 109.5 0 0v211.2h1200V0c-84.3 109.5-321.1 188.4-600 188.4z\"\/><\/svg><\/div><\/div><\/div>\n<\/div>\n\n<div class=\"gb-container gb-container-226945b0\">\n\n<h5 class=\"wp-block-heading has-text-align-left has-base-3-color has-global-color-10-background-color has-text-color has-background has-link-color has-medium-font-size wp-elements-38ab19ccdc08ba2e7ccecd589304a29e\" style=\"font-style:normal;font-weight:400\">Laboratorio partecipato &#8211; engagement e mapping | 2 ore<\/h5>\n\n\n\n<p class=\"has-medium-font-size\"><strong>Introduzione all&#8217;economia circolare<\/strong>. Sensibilizzare e innescare cambiamenti nei processi e nelle modalit\u00e0 di utilizzo e scelta di beni e servizi del settore culturale, rilevando bisogni, criticit\u00e0 e obiettivi sul tema dei beni e servizi per la cultura. <br><strong>Mappatura delle competenze in ingresso<\/strong>. Attraverso <strong>una survey on line<\/strong>, saranno <strong>mappate le competenze dei corsisti in ingresso e al termine<\/strong>. L\u2019azione consentir\u00e0 di profilare gli utenti rispetto al loro ruolo, e comprenderne la preparazione per sviluppare adeguatamente sia i contenuti delle lezioni frontali, sia i momenti laboratoriali e di networking.<\/p>\n\n\n\n<h5 class=\"wp-block-heading has-text-align-left has-base-3-color has-global-color-10-background-color has-text-color has-background has-link-color has-medium-font-size wp-elements-12bd6951a99ad3f1431ab02938e48a51\" style=\"font-style:normal;font-weight:400\">Revisione dei processi organizzativi | 14 ore <\/h5>\n\n\n\n<p class=\"has-medium-font-size\">Le metodologie di revisione organizzativa e di processo necessarie per integrare la sostenibilit\u00e0 nella strategia complessiva delle aziende culturali. In particolare, saranno analizzati diversi business model in relazione all&#8217;attivit\u00e0 produttiva, processi amministrativi e azioni verso il mercato di riferimento, per poter rivedere nel complesso il modello organizzativo integrando le dinamiche di sostenibilit\u00e0 nell&#8217;agire quotidiano. T<strong>ra lezioni teoriche e laboratori operativi<\/strong> saranno affrontati i seguenti temi: l&#8217;<strong>organizzazione e le sue implicazioni nella sostenibilit\u00e0 <\/strong>nelle aziende culturali; il flusso di processo, il <strong>project management delle attivit\u00e0 in ottica sostenibile<\/strong>; la <strong>sostenibilit\u00e0 economica degli investimenti<\/strong> &#8230; in sostenibilit\u00e0!<\/p>\n\n\n\n<h5 class=\"wp-block-heading has-text-align-left has-base-3-color has-global-color-10-background-color has-text-color has-background has-link-color has-medium-font-size wp-elements-13bebbdc95b09ccb4f03650ea416ba63\" style=\"font-style:normal;font-weight:400\">CAM &#8211; Criteri Ambientali Minimi per le ICC |  12 ore<\/h5>\n\n\n\n<p class=\"has-medium-font-size\"><strong>Ambito di applicazione dei CAM<\/strong>. Analisi dei 23 criteri di base ambientali e sociali e delle modalit\u00e0 di verifica e controllo. Analisi dei 13 criteri premianti e modalit\u00e0 di verifica e controllo. Certificazioni, standard e greenwashing. Struttura della relazione e degli aspetti documentali. <br><strong>Laboratorio per l\u2019applicazione dei CAM e case study. <\/strong>Compiti del Responsabile di Sostenibilit\u00e0. Uso delle Check List per la verifica e controllo dei requisiti ambientali e sociali<\/p>\n\n\n\n<h5 class=\"wp-block-heading has-text-align-left has-base-3-color has-global-color-10-background-color has-text-color has-background has-link-color has-medium-font-size wp-elements-c26fbf9e8fe77d9bc28540416ab9dc7e\" style=\"font-style:normal;font-weight:400\">Dal fundraising allo stakeholder engagement | 12 ore <\/h5>\n\n\n\n<p class=\"has-medium-font-size\">Gestire l\u2019interazione tra fundraising e transizione verde rispetto a due necessit\u00e0: <strong>integrare nell\u2019offerta per i potenziali sostenitori il valore prodotto dalle attivit\u00e0 culturali a minore impatto ecologico,<\/strong> sensibilizzando i fruitori della cultura su comportamenti green; <strong>utilizzare modalit\u00e0 e strumenti digitali per minimizzare l\u2019impatto ambientale connesso all\u2019uso di strumenti tradizionali <\/strong>o a alto dispendio energetico. Saranno affrontati: <strong>principi generali<\/strong>, per capire di cosa stiamo parlando, quali sono i concetti chiave di questa disciplina, e quali sono le attivit\u00e0 principali che un\u2019organizzazione deve fare per affrontarlo nel modo giusto, ma concretamente, l&#8217;<strong>integrazione tra fundraising e transizione ecologica<\/strong>; <strong>differenti modalit\u00e0 di concepire la raccolta fondi tra privati ed aziende.<\/strong><\/p>\n\n\n\n<h5 class=\"wp-block-heading has-text-align-left has-base-3-color has-global-color-10-background-color has-text-color has-background has-link-color has-medium-font-size wp-elements-0d4e5de7bdd551c7d0b2085dc4ebf701\" style=\"font-style:normal;font-weight:400\">Agenda 2030: catalogo delle idee e valutazione d&#8217;impatto | 12 ore<\/h5>\n\n\n\n<p class=\"has-medium-font-size\"><strong>Introduzione alla valutazione d&#8217;impatto: principi e metodi per il sistema culturale. <\/strong>Una casistica di soluzioni a basso impatto ambientale applicate nel sistema culturale come conoscenza propedeutica alla valutazione d\u2019impatto rispetto al tema della sostenibilit\u00e0 integrale. Sar\u00e0 utilizzata la <strong>logica che sottende gli indicatori Culture Unesco2030 <\/strong>(suddivisi tra ambiente e resilienza; benessere economico e prosperit\u00e0; conoscenza e competenze; inclusione e partecipazione) anche in collegamento con il <strong>bilancio sociale<\/strong>.<\/p>\n\n\n\n<h5 class=\"wp-block-heading has-text-align-left has-base-3-color has-global-color-10-background-color has-text-color has-background has-link-color has-medium-font-size wp-elements-999aded8e3205193de3c8a4c44344e03\" style=\"font-style:normal;font-weight:400\">Calcolo dei benefici ambientali |  2 ore <\/h5>\n\n\n\n<p class=\"has-medium-font-size\"><strong>Un&#8217;analisi delle attivit\u00e0 culturali in termini di consumo di materie prime e di emissioni di CO2<\/strong>, per supportare le organizzazioni partecipanti nella misurazione del proprio impatto al fine di rendere i loro processi pi\u00f9 sostenibili, in coerenza con quanto previsto dai CAM per gli eventi culturali.<\/p>\n\n\n\n<h5 class=\"wp-block-heading has-text-align-left has-base-3-color has-global-color-10-background-color has-text-color has-background has-link-color has-medium-font-size wp-elements-99f85eec8ceabaa19d6f6841a2b2dc18\" style=\"font-style:normal;font-weight:400\">LuBeC &#8211; Lucca Beni Culturali |  6 ore in presenza<\/h5>\n\n\n\n<p class=\"has-medium-font-size\"><strong>Appuntamento in presenza a Lucca il 9  ottobre 2024<\/strong>. Laboratorio di progettazione sul bilancio sociale come strumento per valorizzare la trasformazione green delle ICC. <br><em>In un&#8217;epoca in cui la sostenibilit\u00e0 e la responsabilit\u00e0 sociale sono diventate priorit\u00e0 per le organizzazioni di tutto il mondo, il bilancio sociale emerge come uno strumento essenziale per le organizzazioni culturali pubbliche e private che desiderano valorizzare e comunicare la propria trasformazione verso la sostenibilit\u00e0. Il laboratorio accompagner\u00e0 i partecipanti nel processo di valorizzazione del bilancio sociale, come opportunit\u00e0 per documentare, restituire e promuovere le iniziative di sostenibilit\u00e0 ambientale, come parte integrante della sostenibilit\u00e0 sociale.&nbsp;<\/em><\/p>\n\n\n<div class=\"wp-block-image\">\n<figure class=\"aligncenter size-medium\"><img loading=\"lazy\" decoding=\"async\" width=\"300\" height=\"160\" src=\"https:\/\/www.promopa.it\/eco\/wp-content\/uploads\/2024\/04\/ECO_logo-plus_trasp-300x160.png\" alt=\"Eco Logo Plus Trasp\" class=\"wp-image-207\" srcset=\"https:\/\/www.promopa.it\/eco\/wp-content\/uploads\/2024\/04\/ECO_logo-plus_trasp-300x160.png 300w, https:\/\/www.promopa.it\/eco\/wp-content\/uploads\/2024\/04\/ECO_logo-plus_trasp-768x410.png 768w, https:\/\/www.promopa.it\/eco\/wp-content\/uploads\/2024\/04\/ECO_logo-plus_trasp.png 886w\" sizes=\"auto, (max-width: 300px) 100vw, 300px\" \/><\/figure>\n<\/div>\n<\/div>","protected":false},"excerpt":{"rendered":"<p>Programma PLUS Le edizioni Il corso si ripete in 4 edizioni. Ogni edizione \u00e8 formata da gruppi di 25 persone. La attivit\u00e0 si articolano in sincrone e asincrone. La frequenza ai corsi \u00e8 obbligatoria per almeno il 75% delle ore del corso. Le reti e i sistemi complessi possono concordare con ECO l\u2019organizzazione di un &#8230; <a title=\"Programma Plus\" class=\"read-more\" href=\"https:\/\/www.promopa.it\/eco\/programma-plus\/\" aria-label=\"Per saperne di pi\u00f9 su Programma Plus\">Leggi tutto<\/a><\/p>\n","protected":false},"author":2,"featured_media":0,"parent":0,"menu_order":0,"comment_status":"closed","ping_status":"closed","template":"","meta":{"slim_seo":[],"footnotes":""},"class_list":["post-250","page","type-page","status-publish"],"_links":{"self":[{"href":"https:\/\/www.promopa.it\/eco\/wp-json\/wp\/v2\/pages\/250","targetHints":{"allow":["GET"]}}],"collection":[{"href":"https:\/\/www.promopa.it\/eco\/wp-json\/wp\/v2\/pages"}],"about":[{"href":"https:\/\/www.promopa.it\/eco\/wp-json\/wp\/v2\/types\/page"}],"author":[{"embeddable":true,"href":"https:\/\/www.promopa.it\/eco\/wp-json\/wp\/v2\/users\/2"}],"replies":[{"embeddable":true,"href":"https:\/\/www.promopa.it\/eco\/wp-json\/wp\/v2\/comments?post=250"}],"version-history":[{"count":50,"href":"https:\/\/www.promopa.it\/eco\/wp-json\/wp\/v2\/pages\/250\/revisions"}],"predecessor-version":[{"id":1245,"href":"https:\/\/www.promopa.it\/eco\/wp-json\/wp\/v2\/pages\/250\/revisions\/1245"}],"wp:attachment":[{"href":"https:\/\/www.promopa.it\/eco\/wp-json\/wp\/v2\/media?parent=250"}],"curies":[{"name":"wp","href":"https:\/\/api.w.org\/{rel}","templated":true}]}}