{"id":13,"date":"2024-04-01T22:57:58","date_gmt":"2024-04-01T20:57:58","guid":{"rendered":"https:\/\/www.promopa.it\/eco\/?page_id=13"},"modified":"2026-04-09T14:54:24","modified_gmt":"2026-04-09T12:54:24","slug":"home","status":"publish","type":"page","link":"https:\/\/www.promopa.it\/eco\/","title":{"rendered":"Home"},"content":{"rendered":"<div class=\"gb-container gb-container-1338664f\">\n<div class=\"gb-container gb-container-b4a2daed\">\n<div class=\"gb-grid-wrapper gb-grid-wrapper-807d71cf\">\n<div class=\"gb-grid-column gb-grid-column-6b81d7ab\"><div class=\"gb-container gb-container-6b81d7ab\">\n\n<figure class=\"wp-block-image size-large is-resized\"><img loading=\"lazy\" decoding=\"async\" width=\"1024\" height=\"1024\" src=\"https:\/\/www.promopa.it\/eco\/wp-content\/uploads\/2024\/04\/elementi-03-1-1024x1024.png\" alt=\"Elementi 03 1\" class=\"wp-image-412\" style=\"width:589px;height:auto\" srcset=\"https:\/\/www.promopa.it\/eco\/wp-content\/uploads\/2024\/04\/elementi-03-1-1024x1024.png 1024w, https:\/\/www.promopa.it\/eco\/wp-content\/uploads\/2024\/04\/elementi-03-1-300x300.png 300w, https:\/\/www.promopa.it\/eco\/wp-content\/uploads\/2024\/04\/elementi-03-1-150x150.png 150w, https:\/\/www.promopa.it\/eco\/wp-content\/uploads\/2024\/04\/elementi-03-1-768x768.png 768w, https:\/\/www.promopa.it\/eco\/wp-content\/uploads\/2024\/04\/elementi-03-1.png 1200w\" sizes=\"auto, (max-width: 1024px) 100vw, 1024px\" \/><\/figure>\n\n<\/div><\/div>\n\n<div class=\"gb-grid-column gb-grid-column-510f9b5e\"><div class=\"gb-container gb-container-510f9b5e\">\n\n<h1 class=\"gb-headline gb-headline-d82b7b27 gb-headline-text\">Organizzazioni culturali sostenibili<\/h1>\n\n\n\n<p><\/p>\n\n\n\n<h5 class=\"gb-headline gb-headline-7bd86dbf gb-headline-text\">Percorsi di capacity building gratuiti per la transizione ecologica delle organizzazioni culturali pubbliche e private. <br>Sostenuti dal Ministero della Cultura nell&#8217;ambito del PNRR &#8211; TOCC. <\/h5>\n\n\n\n<h3 class=\"gb-headline gb-headline-1e732ebc gb-headline-text\">Sii il catalizzatore della transizione ecologica della tua organizzazione!<\/h3>\n\n\n<div class=\"gb-container gb-container-9db35d02\">\n\n<span class=\"gb-button gb-button-8d52d9dc gb-button-text\" target=\"_blank\" rel=\"noopener noreferrer\"><strong>CONSULTA GLI ESITI DI ECO<\/strong><\/span>\n\n\n\n<p><\/p>\n\n\n\n<a class=\"gb-button gb-button-a8387667 gb-button-text\" href=\"mailto:oesc@promopa.it\" target=\"_blank\" rel=\"noopener noreferrer\"><strong>Cont<\/strong><strong>attaci<\/strong><\/a>\n\n\n\n<div class=\"wp-block-columns is-layout-flex wp-container-core-columns-is-layout-9d6595d7 wp-block-columns-is-layout-flex\"><\/div>\n\n<\/div>\n\n\n<p><\/p>\n\n<\/div><\/div>\n<\/div>\n<\/div>\n\n\n<h4 class=\"gb-headline gb-headline-5c315c9b gb-headline-text\">OLTRE LA FORMAZIONE.. I SERVIZI AGGIUNTIVI<\/h4>\n\n\n<div class=\"gb-container gb-container-2b4e2334\">\n<div class=\"gb-grid-wrapper gb-grid-wrapper-c344ae1e\">\n<div class=\"gb-grid-column gb-grid-column-77c0c271\"><div class=\"gb-container gb-container-77c0c271\">\n\n<a class=\"gb-button gb-button-2558be31 gb-button-text\" href=\"https:\/\/www.promopa.it\/eco\/lesperto-risponde\/\">L&#8217;<strong>ESPERTO RISPONDE<\/strong><\/a>\n\n<\/div><\/div>\n\n<div class=\"gb-grid-column gb-grid-column-bd37068e\"><div class=\"gb-container gb-container-bd37068e\">\n\n<a class=\"gb-button gb-button-aaa21bc5 gb-button-text\" href=\"https:\/\/www.promopa.it\/eco\/affiancamento-on-the-job\/\"><strong>AFFIANCAMENTI<\/strong><\/a>\n\n<\/div><\/div>\n<\/div>\n\n\n<h2 class=\"gb-headline gb-headline-293f3388 gb-headline-text\"><strong>framework di riferimento<\/strong><\/h2>\n\n\n<div class=\"gb-grid-wrapper gb-grid-wrapper-230692e1\">\n<div class=\"gb-grid-column gb-grid-column-17736c52\"><div class=\"gb-container gb-container-17736c52\">\n<div class=\"gb-container gb-container-888fe310\">\n\n<p><strong>L\u2019Europa <\/strong>e il nostro Paese stanno investendo ingenti risorse umane e finanziarie per <strong>migliorare tutto l\u2019ecosistema in cui operano i settori culturali e creativi<\/strong>, per incoraggiare progetti intersettoriali, di networking e cooperazione, volti alla sostenibilit\u00e0 sociale, ambientale ed economica.<\/p>\n\n<\/div>\n<\/div><\/div>\n\n<div class=\"gb-grid-column gb-grid-column-ea8187ac\"><div class=\"gb-container gb-container-ea8187ac\">\n\n<p>Le <strong>ICC possono e devono contribuire alla transizione verde<\/strong> <strong>e all\u2019azione sul clima<\/strong> <strong>in ogni aspetto della loro attivit\u00e0<\/strong>, adottando soluzioni e modelli che siano in linea con i principi dello sviluppo sostenibile, <strong>riorientando strategie e procedure organizzative,<\/strong> <strong>di produzione e fruizione<\/strong>, anche per guidare i comportamenti del pubblico.<\/p>\n\n<\/div><\/div>\n\n<div class=\"gb-grid-column gb-grid-column-0f30e6ba\"><div class=\"gb-container gb-container-0f30e6ba\">\n\n<p>\u00c8 con queste finalit\u00e0 che <strong>la Rete ECO ha progettato due percorsi formativi gratuiti dedicati alle ICC<\/strong>: <strong>ECO PLUS <\/strong>e <strong>ECO SMART<\/strong>. Entrambi sono finanziati dal Ministero della Cultura nell\u2019ambito del Progetto NGEU \u2013 Next Generation EU attraverso i fondi destinati al PNRR \u2013 Piano Nazionale Ripresa e Resilienza, Miss. 1, Investimento 3.3.<\/p>\n\n<\/div><\/div>\n<\/div>\n\n\n<h2 class=\"gb-headline gb-headline-1658b644 gb-headline-text\"><strong>Obiettivi delle attivit\u00e0<\/strong><\/h2>\n\n\n\n<h5 class=\"gb-headline gb-headline-cdf5878e gb-headline-text\">Entrambi i percorsi gratuiti di <strong><em>capacity building<\/em><\/strong>, <strong>SMART<\/strong> e <strong>PLUS<\/strong>, si pongono l&#8217;obiettivo di:<\/h5>\n\n\n\n<div class=\"wp-block-group is-nowrap is-layout-flex wp-container-core-group-is-layout-ad2f72ca wp-block-group-is-layout-flex\">\n<div class=\"wp-block-columns is-layout-flex wp-container-core-columns-is-layout-9d6595d7 wp-block-columns-is-layout-flex\">\n<div class=\"wp-block-column is-layout-flow wp-block-column-is-layout-flow\"><div class=\"gb-grid-wrapper gb-grid-wrapper-254c651f\">\n<div class=\"gb-grid-column gb-grid-column-2c8fe3c6\"><div class=\"gb-container gb-container-2c8fe3c6\">\n\n<h4 class=\"gb-headline gb-headline-e136f830\"><span class=\"gb-icon\"><svg aria-hidden=\"true\" role=\"img\" height=\"1em\" width=\"1em\" viewBox=\"0 0 512 512\" xmlns=\"http:\/\/www.w3.org\/2000\/svg\"><path fill=\"currentColor\" d=\"M504 256c0 136.967-111.033 248-248 248S8 392.967 8 256 119.033 8 256 8s248 111.033 248 248zM227.314 387.314l184-184c6.248-6.248 6.248-16.379 0-22.627l-22.627-22.627c-6.248-6.249-16.379-6.249-22.628 0L216 308.118l-70.059-70.059c-6.248-6.248-16.379-6.248-22.628 0l-22.627 22.627c-6.248 6.248-6.248 16.379 0 22.627l104 104c6.249 6.249 16.379 6.249 22.628.001z\"><\/path><\/svg><\/span><span class=\"gb-headline-text\">Intervenire su<\/span><\/h4>\n\n\n\n<ul class=\"wp-block-list\">\n<li>processi organizzativi <strong>interni<\/strong>;<\/li>\n\n\n\n<li>attivit\u00e0 e produzioni <strong>culturali<\/strong>;<\/li>\n\n\n\n<li>relazioni e comunicazione con i <strong>pubblici e gli stakeholders;<\/strong><\/li>\n\n\n\n<li>trasferimento di<strong> know-how, abilit\u00e0 e soft skills<\/strong><\/li>\n<\/ul>\n\n<\/div><\/div>\n\n<div class=\"gb-grid-column gb-grid-column-eac9cb7b\"><div class=\"gb-container gb-container-eac9cb7b\">\n\n<h4 class=\"gb-headline gb-headline-9db45ea8\"><span class=\"gb-icon\"><svg aria-hidden=\"true\" role=\"img\" height=\"1em\" width=\"1em\" viewBox=\"0 0 512 512\" xmlns=\"http:\/\/www.w3.org\/2000\/svg\"><path fill=\"currentColor\" d=\"M504 256c0 136.967-111.033 248-248 248S8 392.967 8 256 119.033 8 256 8s248 111.033 248 248zM227.314 387.314l184-184c6.248-6.248 6.248-16.379 0-22.627l-22.627-22.627c-6.248-6.249-16.379-6.249-22.628 0L216 308.118l-70.059-70.059c-6.248-6.248-16.379-6.248-22.628 0l-22.627 22.627c-6.248 6.248-6.248 16.379 0 22.627l104 104c6.249 6.249 16.379 6.249 22.628.001z\"><\/path><\/svg><\/span><span class=\"gb-headline-text\">Costruire<\/span><\/h4>\n\n\n\n<ul class=\"wp-block-list\">\n<li>un sistema di relazioni con realt\u00e0 attive nei settori <strong>spettacolo dal vivo<\/strong> e <strong>festival<\/strong> e p<strong>atrimonio culturale materiale e immateriale <\/strong>(inclusi archivi, biblioteche e musei) con una comune tensione progettuale verso la sostenibilit\u00e0;<\/li>\n\n\n\n<li>un piano per lo sviluppo di programmazioni culturali a <strong>impatto zero<\/strong>, anche integrando il <strong>fundraising<\/strong><\/li>\n<\/ul>\n\n<\/div><\/div>\n<\/div><\/div>\n<\/div>\n<\/div>\n\n\n\n<div class=\"wp-block-columns is-layout-flex wp-container-core-columns-is-layout-9d6595d7 wp-block-columns-is-layout-flex\">\n<div class=\"wp-block-column is-vertically-aligned-stretch is-layout-flow wp-block-column-is-layout-flow\"><div class=\"gb-container gb-container-ca7ab44c\">\n\n<h2 class=\"gb-headline gb-headline-b6bf2010 gb-headline-text\">DESTINATARI E CARATTERISTICHE DEI CORSI<\/h2>\n\n\n\n<p class=\"has-text-align-center\">Entrambe le formule \u2013 SMART 46 ore e PLUS 60 ore \u2013 si svolgono prevalentemente on line, alternando presentazioni, formazione e laboratori di co-progettazione e sperimentazione. Sono previste due giornate in presenza.<\/p>\n\n\n\n<h3 class=\"gb-headline gb-headline-9b4f181e gb-headline-text\">A chi si rivolgono?<\/h3>\n\n\n\n<p class=\"has-text-align-center\">A figure che ricoprono o andranno a ricoprire <strong>ruoli di responsabilit\u00e0 e\/o riferimento sul tema della transizione verde<\/strong> in micro e PMI, enti del terzo settore, organizzazioni profit e no-profit pubblico-privati dei <strong>settori dello spettacolo dal vivo,<\/strong> <strong>delle arti visive e del settore del patrimonio culturale materiale e immateriale includendo gli archivi, le biblioteche e i musei.<\/strong><\/p>\n\n\n\n<h3 class=\"gb-headline gb-headline-05fcb680 gb-headline-text\">La differenza tra i due corsi?<\/h3>\n\n\n\n<p class=\"has-text-align-center\">La versione PLUS, di 60 ore, prevede un modulo in pi\u00f9, che approfondisce il tema del <em>fundraising <\/em>e dello <em>stakeholder engagement<\/em>.<\/p>\n\n\n\n<h4 class=\"gb-headline gb-headline-2fd4b348 gb-headline-text\">SCOPRI I PROGRAMMI <\/h4>\n\n\n<div class=\"gb-grid-wrapper gb-grid-wrapper-432f317f\">\n<div class=\"gb-grid-column gb-grid-column-4a074900\"><div class=\"gb-container gb-container-4a074900\">\n\n<a class=\"gb-button gb-button-bf1e2508 gb-button-text\" href=\"https:\/\/www.promopa.it\/eco\/programma-smart\/\"><strong>SMART<\/strong><\/a>\n\n<\/div><\/div>\n\n<div class=\"gb-grid-column gb-grid-column-b64a6d6b\"><div class=\"gb-container gb-container-b64a6d6b\">\n\n<a class=\"gb-button gb-button-15278104 gb-button-text\" href=\"https:\/\/www.promopa.it\/eco\/programma-plus\/\"><strong>PLUS<\/strong><\/a>\n\n<\/div><\/div>\n<\/div>\n<\/div><\/div>\n<\/div>\n\n<\/div>\n\n<div class=\"gb-container gb-container-f14ece53\">\n\n<h2 class=\"gb-headline gb-headline-c13a18c3 gb-headline-text\">Che cosa prevedONO<\/h2>\n\n<\/div>\n\n<div class=\"gb-grid-wrapper gb-grid-wrapper-c46404d4\">\n<div class=\"gb-grid-column gb-grid-column-4745ed33\"><div class=\"gb-container gb-container-4745ed33\">\n\n<div class=\"wp-block-group\"><div class=\"wp-block-group__inner-container is-layout-constrained wp-block-group-is-layout-constrained\">\n<h5 class=\"gb-headline gb-headline-775bfa4f gb-headline-text\">Servizio L&#8217;Esperto Risponde<\/h5>\n\n\n\n<p class=\"has-text-align-left has-base-3-color has-text-color has-link-color wp-elements-62ed5108261ad1322c8e4ed597b7198d\">Un servizio permanente per tutta la durata del progetto. Si eroga rispondendo a quesiti inviati tramite mail: <strong><a href=\"mailto:esperto.risponde@fondazioneecosistemi.org\">esperto.risponde@fondazioneecosistemi.org<\/a><\/strong><\/p>\n\n\n\n<p class=\"has-text-align-left has-base-3-color has-text-color has-link-color wp-elements-a7878ab699f1da14c59be2109b74ae85\">Le risposte sono fornite, sempre per mail, entro 5 giorni lavorativi. <br>La segreteria scientifica \u00e8 comunque sempre a disposizione.<\/p>\n\n\n\n<a class=\"gb-button gb-button-abb255d4 gb-button-text\" href=\"mailto:maria.degregorio@fondazioneecosistemi.org\" target=\"_blank\" rel=\"noopener noreferrer\"><strong>SCRIVI ALL&#8217;ESPERTO!<\/strong><\/a>\n<\/div><\/div>\n\n<\/div><\/div>\n\n<div class=\"gb-grid-column gb-grid-column-4807d63a\"><div class=\"gb-container gb-container-4807d63a\">\n\n<div class=\"wp-block-group\"><div class=\"wp-block-group__inner-container is-layout-constrained wp-block-group-is-layout-constrained\">\n<h5 class=\"gb-headline gb-headline-e4184101 gb-headline-text\">PARTECIPAZIONE A LUBEC \u2013 LUCCA BENI CULTURALI<\/h5>\n\n\n\n<p class=\"has-text-align-left has-base-3-color has-text-color has-link-color wp-elements-52d315d1f5832d6aaea271c800da775b\">Attivit\u00e0 di <strong>co-progettazione  in presenza <\/strong>a Lucca il 9 e 10 ottobre 2024, a LuBeC (lubec.it).<\/p>\n\n\n\n<p class=\"has-text-align-left has-base-3-color has-text-color has-link-color wp-elements-428058a9221fea9859a538a4c58227a4\">La giornata formativa  avr\u00e0 taglio progettuale e sar\u00e0 occasione di networking grazie ai tavoli di lavoro. <\/p>\n<\/div><\/div>\n\n<\/div><\/div>\n\n<div class=\"gb-grid-column gb-grid-column-d90b19d7\"><div class=\"gb-container gb-container-d90b19d7\">\n\n<div class=\"wp-block-group\"><div class=\"wp-block-group__inner-container is-layout-constrained wp-block-group-is-layout-constrained\">\n<h5 class=\"gb-headline gb-headline-f6cc6d75 gb-headline-text\">affiancamento on the job<\/h5>\n\n\n\n<p class=\"has-text-align-left has-base-3-color has-text-color has-link-color wp-elements-c12bf3959e959ba91e40e66d270b15ff\">I percorsi prevedono un <strong>servizio tecnico di affiancamento personalizzato <\/strong>alle organizzazioni dei partecipanti per adottare concretamente i criteri di sostenibilit\u00e0 e orientare la trasformazione dei processi interni. Tale attivit\u00e0 sar\u00e0 riservata a n. 35 organizzazioni.<\/p>\n<\/div><\/div>\n\n<\/div><\/div>\n\n<div class=\"gb-grid-column gb-grid-column-173985f0\"><div class=\"gb-container gb-container-173985f0\">\n\n<div class=\"wp-block-group\"><div class=\"wp-block-group__inner-container is-layout-constrained wp-block-group-is-layout-constrained\">\n<h5 class=\"gb-headline gb-headline-e89524fd gb-headline-text\">Attestato<\/h5>\n\n\n\n<p class=\"has-text-align-left has-base-3-color has-text-color has-link-color wp-elements-3a72112e57e2bcd8d9d9278c19b82463\">La partecipazione \u00e8 da intendersi al percorso nella sua interezza. <\/p>\n\n\n\n<p class=\"has-text-align-left has-base-3-color has-text-color has-link-color wp-elements-b6235f2a8d3b6ba6ee31b57bf9dfc8e2\">La frequenza per ricevere l\u2019attestato \u00e8 pari almeno al 75% delle ore.<\/p>\n\n\n\n<p class=\"has-base-3-color has-text-color has-link-color wp-elements-daa3c65576530d835d46dc342fd0c89f\">Le ore in FAD fanno parte del monte ore totale. <\/p>\n<\/div><\/div>\n\n<\/div><\/div>\n<\/div>\n\n<div class=\"gb-container gb-container-4bb29678\">\n<div class=\"gb-grid-wrapper gb-grid-wrapper-9cf8f0c1\">\n<div class=\"gb-grid-column gb-grid-column-49783c90\"><div class=\"gb-container gb-container-49783c90\">\n\n<h2 class=\"gb-headline gb-headline-2701073e gb-headline-text\">Chi siamo?<\/h2>\n\n\n\n<h6 class=\"gb-headline gb-headline-e32850cc gb-headline-text\"><strong>ECO \u00e8 una RETE di organizzazioni che da anni operano tra cultura e sostenibilit\u00e0, attraverso percorsi e progetti di innovazione, e che per sostenere la transizione ecologica della cultura mettono in campo la propria multidisciplinare esperienza.<\/strong><\/h6>\n\n<\/div><\/div>\n\n<div class=\"gb-grid-column gb-grid-column-0f4218f2\"><div class=\"gb-container gb-container-0f4218f2\">\n<div class=\"gb-container gb-container-7ab42966\">\n\n<p class=\"has-text-align-center\"><strong>Fondazione Ecosistemi <br><\/strong>\u00c8 leader nel Green Public Procurement e si \u00e8 aggiudicata la gara del MASE per i \u201cServizi di assistenza tecnico-specialistica in materia di GPP\u201d che prevedono di formare e affiancare la PP.AA. ad inserire i CAM nelle procedure di gara. Scopri di pi\u00f9 su <a href=\"https:\/\/www.fondazioneecosistemi.org\" target=\"_blank\" rel=\"noreferrer noopener nofollow\"><strong>www.fondazioneecosistemi.org<\/strong><\/a>!<\/p>\n\n\n\n<p class=\"has-text-align-center\"><strong>Promo PA Fondazione<\/strong><br>\u00c8 una fondazione di ricerca che opera nella formazione e nello sviluppo territoriale; ha individuato nella cultura un fondamentale campo di azione, ove opera in maniera trasversale con l\u2019obiettivo di incoraggiarne la crescita sostenibile, attraverso ricerca, formazione e progetti. Maggiori info su <strong><a href=\"https:\/\/www.promopa.it\">www.promopa.it<\/a> <\/strong>&#8211; <a href=\"https:\/\/www.lubec.it\"><strong>www.lubec.it<\/strong><\/a><\/p>\n\n\n\n<p><strong>4 Form<\/strong><br> \u00c8 un ente nazionale di formazione, emanazione di Legacoop. Accreditato presso Fon. Coop e i Ministeri per la formazione continua dei lavoratori, in particolare del mondo cooperativo. \u00c8 soggetto trasformatore di PICO, DIH di Legacoop. Scopri di pi\u00f9 su <a href=\"http:\/\/www.4form.org\" target=\"_blank\" rel=\"noreferrer noopener nofollow\"><strong>4form.org<\/strong><\/a>.<\/p>\n\n\n\n<p><strong>A Sud <\/strong><br>\u00c8 una organizzazione ecologista con 20 anni di esperienza in formazione su temi di giustizia climatica e ambientale e in integrazione di policy climatiche in diversi settori, tra cui il settore culturale e il terzo settore. Leggi pi\u00f9 informazioni su <a href=\"http:\/\/www.asud.net\" data-type=\"link\" data-id=\"www.asud.net\" target=\"_blank\" rel=\"noreferrer noopener nofollow\"><strong>asud.net<\/strong><\/a>.<\/p>\n\n<\/div>\n<\/div><\/div>\n<\/div>\n<\/div>\n\n<div class=\"gb-container gb-container-02fcd779\">\n<div class=\"wp-block-image\">\n<figure class=\"aligncenter size-medium\"><img loading=\"lazy\" decoding=\"async\" width=\"300\" height=\"112\" src=\"https:\/\/www.promopa.it\/eco\/wp-content\/uploads\/2024\/04\/cropped-ECO_logo_trasp-300x112.png\" alt=\"\" class=\"wp-image-8\" srcset=\"https:\/\/www.promopa.it\/eco\/wp-content\/uploads\/2024\/04\/cropped-ECO_logo_trasp-300x112.png 300w, https:\/\/www.promopa.it\/eco\/wp-content\/uploads\/2024\/04\/cropped-ECO_logo_trasp-768x286.png 768w, https:\/\/www.promopa.it\/eco\/wp-content\/uploads\/2024\/04\/cropped-ECO_logo_trasp.png 886w\" sizes=\"auto, (max-width: 300px) 100vw, 300px\" \/><\/figure>\n<\/div>\n<\/div>\n<\/div>","protected":false},"excerpt":{"rendered":"<p>OLTRE LA FORMAZIONE.. I SERVIZI AGGIUNTIVI framework di riferimento Obiettivi delle attivit\u00e0 Entrambi i percorsi gratuiti di capacity building, SMART e PLUS, si pongono l&#8217;obiettivo di: DESTINATARI E CARATTERISTICHE DEI CORSI Entrambe le formule \u2013 SMART 46 ore e PLUS 60 ore \u2013 si svolgono prevalentemente on line, alternando presentazioni, formazione e laboratori di co-progettazione &#8230; <a title=\"Home\" class=\"read-more\" href=\"https:\/\/www.promopa.it\/eco\/\" aria-label=\"Per saperne di pi\u00f9 su Home\">Leggi tutto<\/a><\/p>\n","protected":false},"author":1,"featured_media":0,"parent":0,"menu_order":0,"comment_status":"closed","ping_status":"closed","template":"","meta":{"slim_seo":[],"footnotes":""},"class_list":["post-13","page","type-page","status-publish"],"_links":{"self":[{"href":"https:\/\/www.promopa.it\/eco\/wp-json\/wp\/v2\/pages\/13","targetHints":{"allow":["GET"]}}],"collection":[{"href":"https:\/\/www.promopa.it\/eco\/wp-json\/wp\/v2\/pages"}],"about":[{"href":"https:\/\/www.promopa.it\/eco\/wp-json\/wp\/v2\/types\/page"}],"author":[{"embeddable":true,"href":"https:\/\/www.promopa.it\/eco\/wp-json\/wp\/v2\/users\/1"}],"replies":[{"embeddable":true,"href":"https:\/\/www.promopa.it\/eco\/wp-json\/wp\/v2\/comments?post=13"}],"version-history":[{"count":147,"href":"https:\/\/www.promopa.it\/eco\/wp-json\/wp\/v2\/pages\/13\/revisions"}],"predecessor-version":[{"id":1313,"href":"https:\/\/www.promopa.it\/eco\/wp-json\/wp\/v2\/pages\/13\/revisions\/1313"}],"wp:attachment":[{"href":"https:\/\/www.promopa.it\/eco\/wp-json\/wp\/v2\/media?parent=13"}],"curies":[{"name":"wp","href":"https:\/\/api.w.org\/{rel}","templated":true}]}}