{"id":1146,"date":"2025-02-19T16:35:08","date_gmt":"2025-02-19T15:35:08","guid":{"rendered":"https:\/\/www.promopa.it\/eco\/?page_id=1146"},"modified":"2025-02-19T16:54:50","modified_gmt":"2025-02-19T15:54:50","slug":"servizi","status":"publish","type":"page","link":"https:\/\/www.promopa.it\/eco\/servizi\/","title":{"rendered":"Servizi"},"content":{"rendered":"\n<h2 class=\"gb-headline gb-headline-1c23f801 gb-headline-text\">I Servizi aggiuntivi<\/h2>\n\n\n\n<p>Oltre al percorso formativo, la Rete ECO \u2013 Ecologicamente Culturali mette a disposizione 2 servizi aggiuntivi gratuiti:<\/p>\n\n\n\n<p><strong><a href=\"https:\/\/www.promopa.it\/eco\/affiancamento-on-the-job\/\" title=\"Affiancamento on the job\">Affiancamento on the job<\/a><\/strong>: <strong>servizio tecnico di affiancamento personalizzato&nbsp;<\/strong>alle organizzazioni dei partecipanti per adottare concretamente i criteri di sostenibilit\u00e0 e orientare la trasformazione dei processi interni. Tale attivit\u00e0 sar\u00e0 riservata a n. 35 organizzazioni. <a href=\"mailto:segreteria@ecologicamenteculturali.it\"><strong>Invia la candidatura!<\/strong><\/a><\/p>\n\n\n\n<p><strong><a href=\"https:\/\/www.promopa.it\/eco\/lesperto-risponde\/\" title=\"L\u2019Esperto Risponde\">L\u2019Esperto Risponde<\/a><\/strong>: un esperto risponder\u00e0 entro 5 gg lavorativi alle domande poste via email all\u2019indirizzo&nbsp;<strong><a href=\"mailto:esperto.risponde@fondazioneecosistemi.org\">esperto.risponde@fondazioneecosistemi.org<\/a><\/strong><\/p>\n\n\n\n<p><\/p>\n","protected":false},"excerpt":{"rendered":"<p>I Servizi aggiuntivi Oltre al percorso formativo, la Rete ECO \u2013 Ecologicamente Culturali mette a disposizione 2 servizi aggiuntivi gratuiti: Affiancamento on the job: servizio tecnico di affiancamento personalizzato&nbsp;alle organizzazioni dei partecipanti per adottare concretamente i criteri di sostenibilit\u00e0 e orientare la trasformazione dei processi interni. Tale attivit\u00e0 sar\u00e0 riservata a n. 35 organizzazioni. Invia &#8230; <a title=\"Servizi\" class=\"read-more\" href=\"https:\/\/www.promopa.it\/eco\/servizi\/\" aria-label=\"Per saperne di pi\u00f9 su Servizi\">Leggi tutto<\/a><\/p>\n","protected":false},"author":2,"featured_media":0,"parent":0,"menu_order":0,"comment_status":"closed","ping_status":"closed","template":"","meta":{"slim_seo":[],"footnotes":""},"class_list":["post-1146","page","type-page","status-publish"],"_links":{"self":[{"href":"https:\/\/www.promopa.it\/eco\/wp-json\/wp\/v2\/pages\/1146","targetHints":{"allow":["GET"]}}],"collection":[{"href":"https:\/\/www.promopa.it\/eco\/wp-json\/wp\/v2\/pages"}],"about":[{"href":"https:\/\/www.promopa.it\/eco\/wp-json\/wp\/v2\/types\/page"}],"author":[{"embeddable":true,"href":"https:\/\/www.promopa.it\/eco\/wp-json\/wp\/v2\/users\/2"}],"replies":[{"embeddable":true,"href":"https:\/\/www.promopa.it\/eco\/wp-json\/wp\/v2\/comments?post=1146"}],"version-history":[{"count":5,"href":"https:\/\/www.promopa.it\/eco\/wp-json\/wp\/v2\/pages\/1146\/revisions"}],"predecessor-version":[{"id":1155,"href":"https:\/\/www.promopa.it\/eco\/wp-json\/wp\/v2\/pages\/1146\/revisions\/1155"}],"wp:attachment":[{"href":"https:\/\/www.promopa.it\/eco\/wp-json\/wp\/v2\/media?parent=1146"}],"curies":[{"name":"wp","href":"https:\/\/api.w.org\/{rel}","templated":true}]}}